8
Calculate the highest common factor of 49 and 63.
7
Calculate the highest common divisor of 167 and 32899.
167
What is the greatest common divisor of 25 and 2825?
25
What is the highest common divisor of 259 and 21?
7
What is the highest common divisor of 5 and 745?
5
What is the greatest common divisor of 7480 and 64?
8
What is the highest common divisor of 2497 and 33?
11
Calculate the highest common divisor of 310 and 10.
10
What is the highest common factor of 120 and 10?
10
Calculate the highest common factor of 7744 and 605.
121
What is the greatest common factor of 12830 and 10?
10
Calculate the greatest common factor of 72 and 18756.
36
Calculate the greatest common divisor of 195 and 260.
65
What is the highest common divisor of 598 and 26?
26
Calculate the greatest common factor of 363 and 484.
121
Calculate the greatest common factor of 15872 and 31.
31
What is the greatest common divisor of 125 and 75?
25
Calculate the greatest common divisor of 49 and 16219.
49
Calculate the greatest common factor of 60187 and 139.
139
Calculate the highest common divisor of 3737 and 101.
101
What is the greatest common divisor of 600 and 30?
30
What is the greatest common factor of 33 and 2?
1
What is the greatest common divisor of 1285 and 2827?
257
What is the highest common factor of 1659 and 21?
21
Calculate the highest common factor of 45 and 6255.
45
Calculate the greatest common divisor of 7 and 987.
7
What is the highest common factor of 783 and 27?
27
What is the greatest common divisor of 1484 and 28?
28
Calculate the highest common divisor of 3440 and 320.
80
Calculate the greatest common factor of 161 and 10350.
23
Calculate the highest common divisor of 48 and 80.
16
Calculate the greatest common divisor of 54 and 39510.
18
What is the greatest common divisor of 22 and 77?
11
Calculate the greatest common factor of 115 and 235.
5
What is the highest common divisor of 4908 and 4?
4
What is the highest common divisor of 51 and 36?
3
What is the highest common divisor of 84 and 252?
84
Calculate the highest common divisor of 1135 and 25.
5
What is the highest common divisor of 6 and 150?
6
Calculate the greatest common factor of 518 and 74.
74
What is the highest common factor of 14 and 1050?
14
Calculate the highest common divisor of 15 and 20.
5
Calculate the greatest common factor of 483 and 42.
21
What is the highest common divisor of 1131 and 520?
13
Calculate the greatest common factor of 1265 and 23.
23
What is the highest common divisor of 245 and 20?
5
What is the greatest common factor of 152 and 19?
19
What is the highest common divisor of 42 and 39816?
42
What is the greatest common divisor of 8588 and 76?
76
What is the greatest common factor of 5 and 145?
5
What is the greatest common divisor of 5 and 164?
1
What is the greatest common divisor of 120 and 75?
15
Calculate the greatest common divisor of 532 and 38.
38
What is the highest common factor of 64 and 64?
64
What is the greatest common divisor of 2139 and 1209?
93
What is the greatest common factor of 4959 and 57?
57
Calculate the greatest common divisor of 4755 and 15.
15
Calculate the greatest common factor of 40 and 48520.
40
What is the highest common divisor of 13 and 455?
13
Calculate the highest common divisor of 11712 and 1728.
192
Calculate the highest common divisor of 92 and 28.
4
What is the highest common divisor of 28 and 72?
4
What is the highest common factor of 1208 and 24?
8
Calculate the highest common divisor of 33 and 121.
11
Calculate the highest common divisor of 8 and 68.
4
What is the highest common factor of 11128 and 104?
104
Calculate the greatest common factor of 3949 and 33.
11
What is the highest common divisor of 126 and 112?
14
What is the highest common factor of 96 and 512?
32
What is the highest common factor of 1500 and 120?
60
Calculate the highest common factor of 11 and 99.
11
What is the highest common divisor of 91 and 1729?
91
Calculate the greatest common factor of 352 and 1712.
16
Calculate the greatest common divisor of 198 and 36.
18
Calculate the highest common divisor of 264 and 84.
12
What is the highest common factor of 125 and 75?
25
Calculate the highest common divisor of 635 and 254.
127
Calculate the greatest common factor of 322 and 224.
14
What is the highest common divisor of 18 and 225?
9
Calculate the greatest common factor of 9015 and 15.
15
Calculate the highest common factor of 8 and 17.
1
What is the greatest common divisor of 4780 and 8?
4
Calculate the greatest common factor of 2831 and 19.
19
Calculate the highest common divisor of 25 and 640.
5
Calculate the greatest common divisor of 280 and 940.
20
What is the highest common divisor of 192 and 108?
12
Calculate the highest common divisor of 52 and 1118.
26
What is the greatest common factor of 145 and 1885?
145
What is the greatest common divisor of 294 and 392?
98
What is the highest common factor of 2272 and 71?
71
What is the highest common factor of 9 and 39?
3
Calculate the highest common factor of 104 and 676.
52
Calculate the highest common divisor of 520 and 390.
130
Calculate the highest common divisor of 230 and 30.
10
What is the greatest common divisor of 4186 and 42?
14
Calculate the highest common factor of 2064 and 48.
48
Calculate the highest common divisor of 10 and 70.
10
Calculate the highest common factor of 437 and 1.
1
Calculate the greatest common divisor of 15456 and 14.
14
Calculate the greatest common factor of 198 and 3861.
99
What is the highest common factor of 91 and 1144?
13
Calculate the greatest common factor of 651 and 27.
3
What is the highest common factor of 40 and 1720?
40
Calculate the highest common divisor of 273 and 4277.
91
Calculate the highest common factor of 14 and 10.
2
Calculate the greatest common factor of 2118 and 96.
6
Calculate the greatest common divisor of 60 and 984.
12
What is the highest common divisor of 3441 and 1665?
111
Calculate the greatest common factor of 8 and 26.
2
What is the greatest common factor of 605 and 12221?
121
Calculate the greatest common factor of 10 and 865.
5
What is the highest common divisor of 144 and 1089?
9
Calculate the highest common divisor of 77 and 55.
11
Calculate the highest common factor of 180 and 504.
36
What is the greatest common divisor of 1080 and 200?
40
Calculate the highest common divisor of 18 and 342.
18
What is the greatest common divisor of 340 and 1870?
170
What is the greatest common divisor of 286 and 14443?
143
What is the highest common factor of 1073 and 37?
37
What is the greatest common factor of 12 and 516?
12
What is the greatest common factor of 1219 and 23?
23
Calculate the highest common divisor of 282 and 6.
6
Calculate the highest common factor of 20 and 25.
5
What is the highest common factor of 568 and 781?
71
Calculate the highest common factor of 1566 and 174.
174
Calculate the greatest common divisor of 195 and 45.
15
What is the greatest common divisor of 7881 and 333?
111
Calculate the highest common divisor of 21 and 1239.
21
Calculate the highest common factor of 2948 and 572.
44
Calculate the greatest common factor of 16 and 1.
1
Calculate the highest common divisor of 33 and 231.
33
What is the highest common divisor of 36 and 276?
12
Calculate the greatest common divisor of 65 and 1235.
65
Calculate the highest common factor of 36 and 6948.
36
What is the highest common factor of 2715 and 210?
15
What is the greatest common factor of 396 and 2684?
44
Calculate the greatest common factor of 4585 and 35.
35
Calculate the greatest common factor of 2682 and 9.
9
What is the highest common factor of 320 and 64?
64
What is the highest common divisor of 108 and 594?
54
What is the greatest common factor of 1080 and 135?
135
Calculate the greatest common factor of 168 and 16.
8
Calculate the greatest common factor of 867 and 9.
3
Calculate the highest common factor of 230 and 83375.
115
What is the highest common factor of 473 and 176?
11
Calculate the greatest common factor of 135 and 15.
15
Calculate the highest common divisor of 8112 and 234.
78
What is the highest common divisor of 543 and 4163?
181
What is the highest common factor of 9353 and 995?
199
Calculate the greatest common divisor of 1155 and 2275.
